ainder when 22957 is divided by 5728.
45
Calculate the remainder when 818 is divided by 84.
62
Calculate the remainder when 1280 is divided by 16.
0
What is the remainder when 1551 is divided by 35?
11
What is the remainder when 10232 is divided by 34?
32
What is the remainder when 6275 is divided by 31?
13
What is the remainder when 555 is divided by 370?
185
Calculate the remainder when 306 is divided by 282.
24
What is the remainder when 4457 is divided by 405?
2
Calculate the remainder when 5844 is divided by 1020.
744
What is the remainder when 7210 is divided by 176?
170
Calculate the remainder when 71140 is divided by 60.
40
What is the remainder when 153976 is divided by 73?
19
What is the remainder when 1175134 is divided by 2327?
2326
Calculate the remainder when 12679 is divided by 4191.
106
Calculate the remainder when 38737 is divided by 19368.
1
Calculate the remainder when 988 is divided by 236.
44
Calculate the remainder when 248803 is divided by 526.
5
What is the remainder when 1361 is divided by 253?
96
Calculate the remainder when 100036 is divided by 89.
0
Calculate the remainder when 65061 is divided by 55.
51
What is the remainder when 147587 is divided by 49174?
65
Calculate the remainder when 21468 is divided by 10730.
8
Calculate the remainder when 290774 is divided by 72691.
10
What is the remainder when 7633 is divided by 3758?
117
Calculate the remainder when 651 is divided by 306.
39
Calculate the remainder when 51238 is divided by 29.
24
Calculate the remainder when 20681 is divided by 363.
353
Calculate the remainder when 195194 is divided by 26.
12
What is the remainder when 12656 is divided by 6322?
12
Calculate the remainder when 25059 is divided by 12.
3
Calculate the remainder when 59546 is divided by 754.
734
Calculate the remainder when 6823 is divided by 227.
13
What is the remainder when 6023 is divided by 5106?
917
What is the remainder when 20372 is divided by 2881?
205
What is the remainder when 1098 is divided by 209?
53
What is the remainder when 547045 is divided by 311?
307
What is the remainder when 430128 is divided by 1617?
6
What is the remainder when 15274 is divided by 4?
2
Calculate the remainder when 578 is divided by 51.
17
What is the remainder when 106809 is divided by 15?
9
Calculate the remainder when 6813 is divided by 207.
189
What is the remainder when 68489 is divided by 2075?
14
Calculate the remainder when 2693 is divided by 1196.
301
Calculate the remainder when 23162 is divided by 113.
110
Calculate the remainder when 35274 is divided by 122.
16
What is the remainder when 113521 is divided by 7567?
16
What is the remainder when 13554 is divided by 1935?
9
What is the remainder when 477 is divided by 462?
15
Calculate the remainder when 642153 is divided by 578.
573
What is the remainder when 6855 is divided by 102?
21
What is the remainder when 601502 is divided by 83?
1
Calculate the remainder when 325626 is divided by 12524.
2
What is the remainder when 23515 is divided by 973?
163
What is the remainder when 111822 is divided by 29?
27
What is the remainder when 950 is divided by 318?
314
Calculate the remainder when 4611 is divided by 2300.
11
Calculate the remainder when 313428 is divided by 315.
3
Calculate the remainder when 255437 is divided by 496.
493
Calculate the remainder when 634094 is divided by 189.
188
What is the remainder when 77676 is divided by 1466?
1444
Calculate the remainder when 8650 is divided by 725.
675
What is the remainder when 7990 is divided by 3992?
6
What is the remainder when 4923 is divided by 1163?
271
Calculate the remainder when 81286 is divided by 24.
22
What is the remainder when 412791 is divided by 42?
15
What is the remainder when 4868 is divided by 1204?
52
Calculate the remainder when 268877 is divided by 4267.
56
What is the remainder when 9123 is divided by 83?
76
Calculate the remainder when 1334 is divided by 742.
592
What is the remainder when 27567 is divided by 79?
75
What is the remainder when 279881 is divided by 177?
44
Calculate the remainder when 125531 is divided by 294.
287
What is the remainder when 16785 is divided by 788?
237
What is the remainder when 1700 is divided by 71?
67
What is the remainder when 3204 is divided by 975?
279
What is the remainder when 223259 is divided by 381?
374
Calculate the remainder when 6783 is divided by 128.
127
What is the remainder when 3040 is divided by 248?
64
Calculate the remainder when 24539 is divided by 1433.
178
What is the remainder when 9083 is divided by 2991?
110
Calculate the remainder when 5391 is divided by 831.
405
What is the remainder when 1956 is divided by 626?
78
Calculate the remainder when 202650 is divided by 71.
16
Calculate the remainder when 10956 is divided by 154.
22
What is the remainder when 45849 is divided by 12?
9
Calculate the remainder when 14053 is divided by 2806.
23
Calculate the remainder when 156 is divided by 81.
75
Calculate the remainder when 19741 is divided by 611.
189
What is the remainder when 29727 is divided by 1317?
753
Calculate the remainder when 1038 is divided by 176.
158
What is the remainder when 344336 is divided by 36?
32
Calculate the remainder when 37271 is divided by 1497.
1343
What is the remainder when 4355 is divided by 267?
83
Calculate the remainder when 2511 is divided by 157.
156
What is the remainder when 15852 is divided by 5276?
24
Calculate the remainder when 59528 is divided by 726.
722
What is the remainder when 82365 is divided by 24?
21
What is the remainder when 106581 is divided by 846?
831
Calculate the remainder when 1456121 is divided by 38.
37
Calculate the remainder when 691 is divided by 83.
27
What is the remainder when 585962 is divided by 7710?
2
Calculate the remainder when 2084 is divided by 1947.
137
What is the remainder when 52201 is divided by 145?
1
What is the remainder when 3358 is divided by 59?
54
Calculate the remainder when 282679 is divided by 3.
1
What is the remainder when 40917 is divided by 20454?
9
What is the remainder when 16264 is divided by 625?
14
Calculate the remainder when 12277 is divided by 223.
12
What is the remainder when 8573 is divided by 149?
80
Calculate the remainder when 1873 is divided by 7.
4
Calculate the remainder when 5171 is divided by 272.
3
What is the remainder when 463993 is divided by 35?
33
What is the remainder when 30578 is divided by 254?
98
What is the remainder when 818 is divided by 40?
18
What is the remainder when 5493 is divided by 43?
32
Calculate the remainder when 343947 is divided by 10748.
11
What is the remainder when 4956 is divided by 695?
91
What is the remainder when 249397 is divided by 65?
57
What is the remainder when 698097 is divided by 195?
192
What is the remainder when 22827 is divided by 5?
2
What is the remainder when 3524054 is divided by 470?
464
Calculate the remainder when 105994 is divided by 11776.
10
Calculate the remainder when 25971 is divided by 241.
184
What is the remainder when 9917 is divided by 416?
349
Calculate the remainder when 41122 is divided by 62.
16
Calculate the remainder when 1011245 is divided by 181.
179
Calculate the remainder when 3167 is divided by 350.
17
Calculate the remainder when 5947 is divided by 1962.
61
What is the remainder when 13031 is divided by 4335?
26
What is the remainder when 1499 is divided by 765?
734
Calculate the remainder when 2583 is divided by 665.
588
What is the remainder when 146954 is divided by 281?
272
What is the remainder when 1947 is divided by 86?
55
What is the remainder when 11680 is divided by 3892?
4
What is the remainder when 64530 is divided by 742?
718
Calculate the remainder when 8774 is divided by 274.
6
Calculate the remainder when 783 is divided by 708.
75
What is the remainder when 9935 is divided by 146?
7
Calculate the remainder when 3029 is divided by 676.
325
What is the remainder when 1051 is divided by 508?
35
Calculate the remainder when 17388 is divided by 4.
0
Calculate the remainder when 2187 is divided by 134.
43
What is the remainder when 113214 is divided by 232?
230
Calculate the remainder when 2171712 is divided by 45244.
0
What is the remainder when 503611 is divided by 274?
273
What is the remainder when 395383 is div